 Let l(j) = -2*j - 1. What is l(n)?
-5
Let p(w) be the third derivative of -w**6/120 - 7*w**5/30 - 7*w**4/12 - 4*w**3/3 + 2297*w**2. Let n = -4 + -9. Determine p(n).
5
Let k = -67 - -67. Let u(s) = -2*s - 5. What is u(k)?
-5
Let t(y) = -2*y**3 - 6*y**2 + y**2 - 2 + 3*y + 2*y**3 - y**3. Let g(v) = v**3 - 3*v - 5. Let l be g(-2). Let n = 1 + l. What is t(n)?
16
Suppose -5*h + 29 = -4*h. Let p be (-4)/8 - h/(-2). Suppose -2*z + p = 2*w + 2*z, -w = -4*z - 1. Let o(a) = -a + 3. Give o(w).
-2
Let p be ((-9)/(-2))/((-21)/28). Let k(i) be the first derivative of -i**2 - 8*i - 12. Calculate k(p).
4
Let l(r) = r + 3*r**2 + 2 - r**3 - 2 - 5 + 3*r**2. Let o(m) = -2*m. Let j be o(-20). Let z = j + -34. Calculate l(z).
1
Let u(s) = 4*s - 3. Let z(g) = -3*g + 6. Let j be z(-4). Suppose 0 = -3*a - a + 12. Suppose 0 = 3*m + a*m - j. Determine u(m).
9
Let f(o) = -2*o**2 + 13*o + 1. Let s = -196 + 203. Give f(s).
-6
Let j(l) = -4*l**2 - 4*l. Let n(p) = p**2 - 1. Let q(m) = j(m) + 3*n(m). Let k = -54 + 51. Give q(k).
0
Let f = 3 - -14. Suppose f*t = 12*t. Let w(h) = -h**3 + h**2 + 22. Calculate w(t).
22
Let m be -3 - (0 - 1 - 1). Let l = -1 - -4. Let r(h) = 2*h**2 - 2*h + 3 + 4*h**l - 4 - 3*h**2. Calculate r(m).
-4
Suppose 0 = 8*r - 15*r - 21. Let o(z) = z**2 + 8*z + 4. What is o(r)?
-11
Let x(g) = 0*g - g + 92 - 45 - 46. Suppose -2 = -4*u - 6, 5*m + 2*u - 8 = 0. Suppose 3 + 9 = m*j. Determine x(j).
-5
Let v = -6 - -10. Let a(z) = 34*z**2 + 9*z - 15. Let i(o) = -27*o**2 - 8*o + 12. Let k(r) = -4*a(r) - 5*i(r). Determine k(v).
0
Let s(r) = -11*r**3 + 3*r**2 - 11*r - 12. Let n(i) = -5*i**3 + 2*i**2 - 5*i - 6. Let p be (-2 - 0) + -8 + 2 + 4. Let a(c) = p*s(c) + 9*n(c). Give a(5).
14
Let i(l) be the first derivative of 1/4*l**4 + 1/2*l**2 - 6*l - 9 - 5/3*l**3. Let t = -4 + 9. What is i(t)?
-1
Let b(o) = -2*o - 9. Suppose -3 = -3*p - 3*k + 6, 5*p - 33 = 4*k. Give b(p).
-19
Let q be (-1)/(3/(-18) - 2/24). Let s(c) be the first derivative of -2*c**3/3 + 5*c**2/2 - c - 13. Calculate s(q).
-13
Let f(m) = -10*m**2 + 11*m + 5. Let k(p) = -2*p**2 - 3*p - 4. Let n(s) = -2*s**2 - 2*s - 3. Let j(t) = 4*k(t) - 5*n(t). Let c(w) = 2*f(w) + 11*j(w). Give c(-2).
7
Let k(g) = 4*g - 3. Let r(u) = 11*u - 10. Let b(t) = -7*k(t) + 2*r(t). Let o be (-13)/52 + (-41)/(-4). Suppose -13*h = -o*h - 3. What is b(h)?
-5
Let v = 155 - 153. Let u(l) = 2*l**2 + 2*l - 2. Give u(v).
10
Let j(q) = 7 - 1 - 1 + q - 6. Let z(h) = -h + 2. Let d(k) = 5*j(k) + 4*z(k). Determine d(-7).
-4
Let u(s) = s**2 + s - 1 + 2 + s**3 + 3*s**2. Let k be u(-4). Let n(d) be the first derivative of -d**4/4 - 2*d**3/3 + 2*d**2 + 2042. What is n(k)?
-3
Suppose 3*a + 11 = -o - 0*a, -o + 5*a + 21 = 0. Let u(m) = -187*m**2 - m - 5. Let r(t) = 531*t**2 + 3*t + 14. Let h(w) = -6*r(w) - 17*u(w). Calculate h(o).
-7
Suppose -9*d + 9 = -36. Let z(i) = 17 + 11*i - 13 - d. Give z(1).
10
Let u(z) = -z**3 - 6*z**2 + 3. Suppose -8*y = -15*y + 28. Suppose -4*o - 40 = 4*b, 3*b + 2 = o - y. Give u(o).
3
Let j(d) = d + 1. Let m = -269 - -273. Determine j(m).
5
Suppose 9*f + 5 = 10*f. Suppose f*c - 6*c = 2*c. Let w(u) = u**3 + u**2 - 3. What is w(c)?
-3
Let f(c) = -c**3 + 8*c**2 - 8*c - 1. Let v(r) = r**2 + 11*r + 28. Let y be v(-7). Suppose -m + 4 + 3 = y. Calculate f(m).
-8
Suppose -6 = -v - 1, -4*j - v - 15 = 0. Let b(h) = -4 - 2 + 117*h - 118*h. What is b(j)?
-1
Let n be (9 + -5)*(-3)/(-4). Let b(p) = -p**2 + 2*p + 4. What is b(n)?
1
Let v = -11 + 19. Suppose w + v = -w. Let g(k) = 3*k**3 + 4*k**2 + 8*k + 5. Let a(c) = 4*c**3 + 4*c**2 + 9*c + 5. Let d(s) = w*a(s) + 5*g(s). Give d(5).
0
Let n(d) = 2*d**2 - 1. Let g be n(-1). Let r be ((-60)/8)/(-3) + g/(-2). Let l(h) = 2*h**2 - h + 2. Give l(r).
8
Let i(f) be the third derivative of f**5/60 + f**4/3 + 4*f**3/3 - 73*f**2 + f. Calculate i(-6).
-4
Let z(w) = w**2 - w. Let i be -3 - -1 - (-12 - -6). Let p(n) = n**3 - 4*n**2 + n - 2. Let v be p(i). What is z(v)?
2
Let i = 12 - 12. Let v(t) = -t + 0*t - 3*t**2 + 2*t**2 + i*t. Suppose 0*m - m = -2*w + 3, 3*w + m = -3. Calculate v(w).
0
Let y(d) = 25 + 369*d + 0*d**2 - 196*d - 181*d - d**2. Determine y(-10).
5
Let m(u) be the third derivative of -u**6/120 - u**5/60 + u**4/6 + 2*u**3/3 - 226*u**2 + u. Determine m(-3).
10
Let p(d) = -4*d**2 + 7. Let y(i) = -9*i**2 - i + 15. Let o(k) = 5*p(k) - 2*y(k). Suppose -51*h = -47*h - 16. What is o(h)?
-19
Let a = 2 - 0. Let w(f) = f**a - f**3 + 2*f**2 - 6*f + 3*f**2 + 3. Calculate w(5).
-2
Let x be (10 - 7)*(-10)/6. Let o = x - -8. Suppose -3*a = -o*s, 0*s - 4*a = 3*s + 14. Let r(z) = z**3 + z**2 + z - 1. Determine r(s).
-7
Let x be 28/(-2) + (-33 - -37). Let t(r) = -r**2 - 11*r - 14. Give t(x).
-4
Suppose o + 4 = -2. Suppose 5*n - 161 = -11. Let w(g) = -14*g + 5 - 14*g + n*g + 3. Determine w(o).
-4
Let j = -21 + 21. Suppose w - 3 = j, 2*i + 8*w - 25 = 3*w. Let y(h) be the third derivative of -h**4/24 - h**3/6 + 12*h**2. Determine y(i).
-6
Let y(c) be the first derivative of -c**4/4 + 5*c**3/3 + 5*c**2 - 3*c + 261. Give y(7).
-31
Let w(r) = 10*r + 30. Let h(f) = -7*f - 20. Let v(d) = 7*h(d) + 5*w(d). Let m(u) = u + 9. Let p(t) = 6*m(t) - 5*v(t). Give p(6).
10
Let f(d) = d + 3 + 1 + 6. Let h be 2/(-5) - (9 + 188/(-20)). What is f(h)?
10
Let j(q) be the second derivative of 5*q**3/6 - 3*q**2/2 - 4*q. Suppose -4*a + 13 = -7. Suppose -3*l - 13 = y, -a*y + 5*l + 39 = 4. Give j(y).
7
Let f(q) = -q**3 + 16*q**2 - 13*q + 19. Let x(v) = 3*v**3 - 34*v**2 + 27*v - 40. Let g(b) = 5*f(b) + 2*x(b). Give g(-13).
-11
Let q(u) = -u + 2. Suppose -2*i - 22 - 14 = 0. Let o be ((-4)/(-32)*4)/(1/i). What is q(o)?
11
Let x(w) = 10*w - 37. Let t(d) = -2*d + 9. Let h(z) = 9*t(z) + 2*x(z). Determine h(-9).
-11
Suppose -356 + 89 = -3*g. Let d(r) = r**2 + r. Let f be d(1). Let n(l) = g*l + l**f + l**2 - 86*l. Calculate n(-3).
9
Let x(d) = -d**3 + 4*d**2 + 7*d - 3. Let f(p) = p**2 - p - 1. Let l(m) = 5*m - 3 + m**2 - 4 - 15*m. Let b(z) = 2*f(z) - l(z). Let u be b(-8). Give x(u).
7
Let u(g) = -3*g**2 + 3*g - 2. Let c(k) = 7*k**2 - 5*k + 3. Let n(h) = 2*c(h) + 5*u(h). Let s(p) = 2*p**2 - 2*p - 1. Let x be s(-1). Calculate n(x).
2
Let o(b) = -3498*b - 2 + 4 - 1 + 3492*b. Determine o(2).
-11
Let z(b) = 132*b**2 - 423*b**2 + 14*b + 136*b**2 + 141*b**2 - 4 + b**3 - 14. Determine z(13).
-5
Let i(l) = l. Let z(g) = -15*g + 9. Let p(x) = -8*x + 5. Let k(n) = -9*p(n) + 5*z(n). Let s(a) = 14*i(a) + 4*k(a). What is s(-1)?
-2
Let x(y) = -y**2 - 3*y + 2. Suppose -208*t + 18 = -211*t. Give x(t).
-16
Let i be (-5 - (-19)/4)*-20. Let b(n) be the first derivative of -n + 1/2*n**2 + i. What is b(4)?
3
Suppose -3*g - 10 = -5*g. Let j(q) = -2*q**2 + 11*q - 3. Let x(a) = -a**2 + 6*a - 2. Let i(c) = g*x(c) - 2*j(c). Give i(8).
-4
Let k be 2 - (-2)/1 - 2. Let g(x) = k*x - 8 + 0*x**2 - x**2 + 9 - 5*x. Determine g(2).
-9
Let j(b) = 4*b - 6. Suppose -7*g + 3 = -4. Let v(r) = -1. Let a(y) = g*j(y) - 5*v(y). Give a(1).
3
Let h(s) = -s**3 - 6*s**2 - 8*s - 6. Let w = 242 + -246. Calculate h(w).
-6
Let x(p) be the second derivative of -p**5/60 - p**4/24 + 5*p**3/6 - 4*p**2 + 8*p. Let b(k) be the first derivative of x(k). Calculate b(-4).
-7
Let l(j) = j**3 + j**2 - j - 2. Let w(o) = o**2 + 9*o + 10. Let p be w(-8). Let n be (p + 1)*22/(-33). Calculate l(n).
-4
Let k(j) = -j**3 - 2*j**2 - j - 6. Suppose 4*p = -1373 + 1361. Give k(p).
6
Let f(q) = -8*q - 41. Let w(z) = 14*z + 68. Let k(l) = -5*f(l) - 3*w(l). Suppose -4*h - h - 45 = 0. Determine k(h).
19
Let y = -13 + 8. Let w be (-1)/y + (-78)/15. Let i(q) be the first derivative of q**4/4 + 5*q**3/3 - q**2 - 2*q + 763. Calculate i(w).
8
Let p(h) = 27*h - 1. Let k = 16 + -25. Let s be k/8 - (-6)/48. Give p(s).
-28
Let v(i) be the second derivative of i**5/20 - 7*i**4/12 + i**3/3 - 7*i**2 + 7*i. Let b be v(7). Let j(o) = -o**2 + 8. Calculate j(b).
8
Let m = -25 - -31. Suppose 4*b - m + 18 = 0. Let k(i) = 2*i + 1 - i - 5*i - i**2. Give k(b).
4
Let f(q) = -q**2 - 10*q. Let r(c) = c**2 + 13*c + 1. Let j(s) = -4*f(s) - 3*r(s). Calculate j(-3).
3
Let b = 102 - 104. Let z(j) = 2*j - j - 5*j - 4. Let x(d) = d + 1. Let g(h) = b*x(h) - z(h). Calculate g(2).
6
Let g(c) = -2*c - 12. Let p(b) = -5*b - 25. Let h(w) = -7*g(w) + 3*p(w). Suppose -3*k - 8*v = -13*v + 25, k + 4*v = 20. Give h(k).
9
Let d(k) be the first derivative of 